l) prime?
False
Let y be 18 + 1 + (-20)/5. Suppose -y = -3*c - 2*c, -3*w + 3*c = -138. Is w composite?
True
Let m be -3685*-4*(-6)/(-24). Let t = m - 2054. Is t a composite number?
True
Let n = -4318 + 1419. Let z = 9036 + n. Let p = z - 4272. Is p a composite number?
True
Suppose -2*h = -8576 - 1024. Suppose -3*j + j = -h. Suppose -4*y + 3210 = -u, 6*y + 3*u = 3*y + j. Is y prime?
False
Suppose 4*x - 59316 = -3*y, -4*x + 2*x + 29658 = 5*y. Suppose 298 = 7*d - x. Is d prime?
True
Let b(g) = 2096*g**2 - 4*g - 185. Is b(7) composite?
True
Let b(v) = -1457*v + 116. Let t(l) = -l**3 + 12*l**2 - 11*l - 3. Let g be t(11). Is b(g) prime?
False
Suppose 4*o = -3*b - 0*b + 16028, 26692 = 5*b - 4*o. Is (-1 - (-5)/10) + b/8 prime?
False
Is 229138/78 - (-24)/(-9) a composite number?
True
Let y be ((-116)/28 - -3)*35/(-10). Suppose y*v - 2*v = 149194. Is v prime?
True
Let a = -65 + 19966. Is a a prime number?
False
Let q(l) = 3*l - 3. Let i be q(0). Let a(k) = 22*k**2 - 2*k - 3. Let m(u) = -23*u**2 + 3*u + 4. Let w(g) = i*a(g) - 4*m(g). Is w(-5) a composite number?
False
Suppose -87*j + 92*j = 15. Suppose 4*p + j*l = 1382, 5*p - 6*p + 355 = -4*l. Is p prime?
True
Let o(h) = -2648*h**3 - 6*h**2 + 20*h + 33. Let q be o(-6). Is (-6 - -3)*q/(-45) a composite number?
True
Let q = 41 - 39. Let w(a) = -3 - 6 - 5 - 9*a + q - a**3. Is w(-5) a prime number?
False
Let s(j) = -10*j - 20. Let u be s(-2). Suppose -3*c - 20 = -c - 5*q, -5*c + 5*q - 50 = u. Is ((-454)/4)/(1/c) a prime number?
False
Suppose 7*s = 12*s - c - 9068, -4*c + 7240 = 4*s. Let t = 348 + s. Is t composite?
False
Let c(j) = 96*j**2 + 224*j + 347. Is c(108) prime?
False
Suppose 102*w - 130*w + 2598932 = 0. Is w composite?
True
Let a = -396 - -445. Is 788 - 3*a/21 prime?
False
Let b be 1 - (3 + (-1)/1). Let y = -16 + 4. Is (4/y)/(b/4677) a prime number?
True
Let c(p) = p**3 + 29*p**2 - 28*p + 39. Let j be c(-30). Is (-13136)/56*j/3 a prime number?
False
Let v(m) = -15*m**3 - m**2 - 2*m - 5. Let l be v(-4). Suppose 1315795 - 111105 = 106*y. Suppose 3*s = 2*a + y, -s + l = -3*a - 2846. Is s a prime number?
False
Let f(p) = 4*p**2 - 39*p - 776. Is f(-19) composite?
False
Let j = 106134 + 91669. Is j composite?
False
Suppose -9*d + 3417 + 4395 = 0. Let o(v) = 3*v - 5*v - 2 + 4 + v + d*v**2. Is o(1) a composite number?
True
Suppose 0 = 4*l - 3*l - 4*j + 4, -4*l - 3*j + 60 = 0. Suppose -61*d + l = -58*d. Suppose -d*t + 4156 = -12. Is t composite?
True
Let h be (-52)/39*(9/(-2) + 0). Suppose 0 = h*i + 2*i - 416. Is 222/(-5)*(4 + i/(-8)) prime?
False
Let j = 2760 + 15983. Is j prime?
True
Suppose -13 = -v - 4*i, -3*i = -4*v - 8*i + 19. Let j = v - 1. Suppose j = -3*k - 5*u + 1183, 0*k - 3*k + 5*u = -1163. Is k a prime number?
False
Let w(j) = 19*j**2 - 32*j - 3456. Is w(-65) prime?
False
Suppose -145*p + 141*p + 5*q = -1683136, 0 = 5*p + 4*q - 2103879. Is p prime?
True
Let m = 535100 - 238627. Is m a prime number?
True
Suppose 0 = 3*o + 3*r - 993, 2*r - 3*r - 4 = 0. Suppose -5 = -2*v + o. Let w = v + 93. Is w prime?
True
Let t(z) = z**3 - 7*z**2 - 4*z - 32. Let n be t(8). Suppose n = b - 3*p - 6556, -3*b + 8*b - 32685 = -4*p. Is b a composite number?
True
Let l be ((-1)/(-2))/(2*2/72). Let d = l - 8. Let y(g) = 669*g - 2. Is y(d) a prime number?
False
Suppose 33*p = 2646138 + 3959967. Is p a composite number?
True
Let w = 372481 + -176958. Is w a composite number?
True
Let u be -7 - ((-1 - 143) + -3). Suppose -134*n - 2706 = -u*n. Is n composite?
True
Suppose -2*o - 36 = -6*o. Suppose 2647 = -o*x + 16651. Let b = -921 + x. Is b composite?
True
Let r be 0 + 4 + 2/(-1) + 3. Suppose -r*f = 7*f - 2628. Is f prime?
False
Suppose -4*f = -295320 + 40436. Suppose -432*x + 439*x - f = 0. Is x a prime number?
True
Let k be (-284648)/(-224) + (-6)/8. Let x = k + -789. Is x a prime number?
False
Suppose 0 = -41*r + 99*r - 538936. Suppose k - r = -7*h + 4*h, -h = -3*k - 3114. Is h composite?
True
Let h(y) = 47*y**3 + 8*y**2 + 10*y + 8. Let l be h(8). Suppose -5*w - 2*b + l = -0*w, 3*w - 3*b - 14811 = 0. Is w composite?
True
Let v(j) = j. Let x(q) = -316*q + 8. Let z(h) = -5*v(h) - x(h). Is z(1) a composite number?
True
Suppose 0 = 8*c + 60*c + 13934152. Is 11/(165/(-6)) - c/10 a composite number?
True
Suppose -5*z + 2*m + 3731857 = 0, -3*z + 8364*m = 8368*m - 2239109. Is z a prime number?
True
Let r = 3340 - -6002. Let y = -4475 + r. Is y composite?
True
Let g(z) be the second derivative of -3491*z**6/360 - z**5/40 - 19*z**4/12 + 38*z. Let f(h) be the third derivative of g(h). Is f(-1) a prime number?
False
Suppose -9*v = 20*v - 35*v + 438054. Is v a prime number?
True
Let g = 5496 + 2557. Is g a prime number?
True
Let g(q) = -q**2 - 32 - 29 + 3*q**2 + 53 + 29*q. Is g(7) prime?
True
Let m be (12/(-8))/((-2)/(-76)). Let t = m + 83. Suppose t*c + 422 = 28*c. Is c composite?
False
Suppose -2*w + 798730 = 4*r, -w - 642 + 649 = 0. Is r composite?
False
Let k = -30 + 29. Let h be k*2*(-477)/(-18). Is (-209)/44*(h + 1) prime?
False
Suppose -5*i + 4*b + 27839 = 0, -2*i + i = 5*b - 5562. Suppose 8*u - 3*u - 5*g = 27795, -u + i = -5*g. Is u prime?
True
Suppose -3*m = -o + 37, -3*m = -4*m - 3*o - 19. Let v = m + 21. Suppose v*r = 3*r + 395. Is r composite?
False
Let x be (-2 + 3 - -10225)/((-32)/16). Let h = -3320 - x. Is h a composite number?
True
Let x be (-1)/((-2)/16*2). Let w(h) = 127*h**3 - 6*h**2 + 3*h + 5. Let c be w(x). Suppose 39*o - 42*o = -c. Is o prime?
True
Let h be 1/5 - (-22)/(-110). Suppose h = -31*n + 4839 + 1392. Is n composite?
True
Is (-6876208)/(-64) + ((-20)/16)/(-5) prime?
True
Let d = -17 - -18. Suppose 5*i + 25 = -5*u, 7*u = 2*u - i - 9. Is 1329/d - u - -3 prime?
False
Suppose -4*g - o = -g - 1479, -5*g + 2482 = -4*o. Suppose 0*b - 996 = -4*b - 4*v, 3*v = -2*b + g. Is b a prime number?
False
Let p = -409 - -414. Suppose -12147 = -17*b + 13*b - w, -5*w = p. Is b a prime number?
True
Suppose 16*v + 2*i = 25050828 - 1825666, -5*i = -3*v + 4354734. Is v a prime number?
True
Suppose 0 = 2*i - 4*b - 11734, 3*i - 3*b - 14475 - 3144 = 0. Is i composite?
False
Let m be (-2 + 8/(-6))/(4/(-6)). Suppose 17 = 4*o + m*p, -3*p + 7 = 5*o + 2. Let v(d) = 351*d**2 - 7*d - 9. Is v(o) prime?
True
Suppose -5*r + p - 15 = -10*r, -p - 3 = -4*r. Let m be (-2 - -1 - -4) + r. Is 4120/m - 4/(8/6) prime?
True
Let k(z) = 4*z**2 + 20*z + 9. Suppose -3*h + 2*h - 4*c = 136, -260 = 2*h + 5*c. Let i = h - -104. Is k(i) a composite number?
True
Suppose -2580 = 12*b - 42*b. Suppose b*y + 23692 = 90*y. Is y composite?
False
Let s be 662/(-8) + 2/(-8) + -1. Let b be (-1 + 5)/(-7*6/s). Suppose x = b*x - 12551. Is x prime?
False
Suppose 0 = 4*x - 4*g - 646116, x - 7*g + 3*g - 161523 = 0. Is x a composite number?
False
Suppose -29*f = -115*f + 2077846. Is f composite?
True
Let h = -25 - -28. Suppose 3*u + 3*n = 4038, -h*u - 98 + 4176 = -5*n. Is u a prime number?
False
Suppose -8 = -7*q + 97. Suppose 2*o + 18 = 2*i, 5*i + 8*o - q = 3*o. Suppose 2 = -k + i, 4*w = -4*k + 4052. Is w composite?
False
Is (-2068429)/(-6) - 4*205/(-984) a composite number?
True
Suppose 0 = -2*d + h - 122, -4*d - 216 = 5*h - 0*h. Let y = d - -193. Is y composite?
True
Let j be (2/2)/(-2) + 2/4. Suppose j = -0*n + n - 6640. Is 1/(-3 + n/2213) a prime number?
True
Suppose -5*a + 5 = 0, -a + 3 - 2 = -3*i. Suppose z + 3087 = -4*g, i*g - 2*z = g + 763. Let v = -160 - g. Is v composite?
False
Suppose -63*v + 60*v + 5*t + 9020512 = 0, 5*t = 5*v - 15034170. Is v prime?
False
Let s be (2/(-6))/(4/(-48)*2). Suppose j + s = 5*o, -6 = 5*o + 3*j - 0. Suppose 5*c + n - 2503 = 0, -994 = -o*c - 2*c - 4*n. Is c a composite number?
True
Suppose 5*i - 237982 = b, -i - 3*i + 4*b = -190376. Is i a prime number?
False
Let a(z) be the third derivative of 19*z**4/2 + 29*z**3/6 + 124*z**2. Is a(40) a prime number?
False
Suppose 100*t = -r + 95*t + 5, -2*t = 3*r - 15. Suppose 3*u - p = 4499, -5*p + 761 = -u + 2256. Suppose r*d - u = -35. Is d composite?
False
Let h = -1753018 - -3081181. Is h prime?
False
Let o = 22 - 16. Suppose -5*r + 7*r = o. Suppose -3*f = -3*v - 33, 57 = 5*f - 2*f + r*v. Is f a composite number?
True
Suppose 5*u = -v - 7, 3*u + u - 28 = -5*v. Suppose -v*d + 55010 = 2*d. Is d a prime number?
True
Is (-58950377)/(-473) - (-1 - 18/(-22)) prime?
False
Suppose -2*y = 11*m - 14*